(-11). Let c = 25 - 12. Suppose -c*f + o = -f. What is the tens digit of f?
8
Let g(w) be the third derivative of w**6/60 - w**5/12 + 5*w**4/24 - 4*w**3/3 - 9*w**2. What is the tens digit of g(5)?
4
Let z(p) = 19*p**2 - 2*p - 2. Let x(k) = 5*k**2 + 4*k + 6. Let j be x(-2). Suppose 6*m + j - 12 = 0. What is the tens digit of z(m)?
1
Let z(v) = 4*v**2 + 176*v - 1766. What is the hundreds digit of z(-95)?
6
Let x(m) = -m**3 - 7*m**2 - 7*m + 19. Let q be x(-5). What is the hundreds digit of ((-78)/(-39))/(q/286)?
1
Suppose 16703 = 4*n - 2*z - 1965, 0 = -n + z + 4669. What is the hundreds digit of n?
6
Suppose 8*y = 11*y + 10*y. Suppose -9*l + 326 + 2797 = y. What is the tens digit of l?
4
Let l(g) = -g**2 - 17*g - 11. Let p be -4 + (-12)/18*(-6)/(-4). Let k(m) = -m**3 - 7*m**2 - 6*m + 11. Let z be k(p). What is the tens digit of l(z)?
6
Suppose -2100098 = -307*x + 1297778. What is the ten thousands digit of x?
1
Let z be (-2)/(-9) - (-7)/((-315)/(-1025)). Let t(b) = -b**3 + 23*b**2 + 9*b + 28. What is the units digit of t(z)?
5
What is the tens digit of (-64)/24*1*((-12612)/1)/4?
0
What is the thousands digit of (-3001)/(-1 - 0) - (20 - 18)?
2
Let a = -155 + 156. What is the units digit of (-5 + 7)/(a + (-122)/126)?
3
Suppose -5*h + 3835 = 5*f, 0 = -2*h + 47*f - 50*f + 1530. Let p = h - 0. What is the units digit of p?
1
Let c = 626 - 873. Suppose -g + 0*g + 322 = -2*j, 3*j + 3*g + 474 = 0. Let k = j - c. What is the tens digit of k?
8
Let m(r) = 3*r**3 - 66*r**2 - 10*r + 28. What is the units digit of m(24)?
4
What is the units digit of ((-185171)/(-147))/((-1)/(-36))?
8
Suppose -11*q + 213 = -14*q. Let u = q - -70. What is the tens digit of 23 + ((1 - -1) + u)*2?
2
Suppose -2*s + 931 = -3*u - 465, 2*u + 697 = s. What is the units digit of s?
1
Let d(u) = -169*u + 244. Let l be d(-30). Suppose -4*f = z - l, f = -9*z + 12*z + 1322. What is the hundreds digit of f?
3
Let d be (-590)/70 + 9 - 370/(-14). Suppose d*n - 36*n + 2556 = 0. What is the hundreds digit of n?
2
Let j(q) = 3*q**2 - q - 4. Let b be j(2). Let p(n) = -n**3 + 6*n**2 - 2. Let w be p(b). What is the units digit of (5 + -32)*2/w?
7
Suppose -4*t = -99 + 91. Suppose 0 = -4*j + 4*h + 1992, -5*j + 1848 + 642 = t*h. What is the units digit of j?
8
Let c(f) be the first derivative of 21*f**2/2 + 130*f - 3. What is the units digit of c(-6)?
4
Let t(n) be the third derivative of 151*n**4/24 - 19*n**3/3 + n**2 - 62. What is the tens digit of t(4)?
6
Suppose 0 = -402*u + 415*u + 130. Let y(b) = -4*b**2 - 11*b + 14. Let r(g) = 3*g**2 + 11*g - 13. Let l(x) = -3*r(x) - 2*y(x). What is the units digit of l(u)?
1
Suppose -7 = 7*l - 0. Let f(k) be the first derivative of 32*k**3/3 + k**2/2 + k - 4. What is the units digit of f(l)?
2
Suppose -8*o + 1 = -23. What is the hundreds digit of o*21/(-2)*(-174)/9?
6
Let z be ((-60952)/(-6))/2 + 38/57. Suppose q - 6521 = -5*a - 171, 0 = -4*a + 3*q + z. What is the thousands digit of a?
1
Let k(g) = -27*g - 2. Let r be k(-7). Suppose r = -3*q + 874. What is the hundreds digit of q?
2
Suppose 3*j - 12*t + 6*t - 66225 = 0, 0 = -2*j - t + 44175. What is the hundreds digit of j?
0
Let z be -3 - (0 - 6)/(-1 - -2). Suppose 196 = z*a - 131. Suppose -y = 5*m - 176 - 5, -3*m - y = -a. What is the units digit of m?
6
Let f be 23 + (0 - (-12)/(-6)). What is the units digit of (-5474)/(-49) + 6/f?
2
Suppose x + 114 = 78. Let c be (-1)/(((-6)/x)/((-2)/3)). Suppose 0 = -7*r + c*r - 3, 0 = 2*j - 3*r - 205. What is the units digit of j?
1
Suppose -24*d + 21*d + 42 = 0. Suppose d*a = -32*a + 27462. What is the units digit of a?
7
Suppose 2*n = 5*x + 543, n + 2*n + 523 = -5*x. Suppose 995 = 5*z + 5*t, -6*t + 600 = 3*z - 2*t. Let p = z + x. What is the tens digit of p?
8
Let s be (-3)/(-6)*3*6/9. Suppose -7*i - 85 + s = 0. Let y(u) = u**2 + 11*u + 21. What is the tens digit of y(i)?
3
Suppose 126*a = -97*a + 941308 - 140738. What is the thousands digit of a?
3
Suppose -5 = -3*b + 34. Suppose -5*p + 28 = b. Suppose p*w = 2*w + 87. What is the units digit of w?
7
Let a(m) = -68*m + 2. Let b be a(-1). Suppose 2*n + b = 28. What is the units digit of (-1540)/n - (-4)/6?
4
Let f(t) = 2*t**3 - 16*t**2 - 11*t - 52. What is the units digit of f(20)?
8
Suppose -3*q + 333 = 5*c, -27 = 4*c + 2*q - 293. Let f be (-24)/6 + 0 + c. Suppose -65*b + f*b = -366. What is the hundreds digit of b?
1
Suppose 26*i + 121618 = 546952. What is the thousands digit of i?
6
Suppose 0 = -20*p + 22*p + 4*b - 17588, -b + 8791 = p. What is the tens digit of p?
8
Let l = 183 - 177. What is the units digit of (-888)/32*(-8)/l?
7
Let c be (2/9)/((-70)/(-315)). Let d(q) = 736*q - 4. What is the units digit of d(c)?
2
Let m(w) = 7*w**2 + 6*w + 36. Let n be m(-7). Suppose 3*y - n = -l + 171, 5*l = 20. What is the units digit of y?
8
Let v = 147 - 379. Let b = v - 54. Let y = -54 - b. What is the units digit of y?
2
Suppose -3*c + 5888 = -4*g - 9666, 4*c - 20664 = -4*g. What is the units digit of c?
4
Let y(f) = f**3 + 50*f**2 - 107*f - 13. Let s be y(-52). Suppose 5*j - 2000 = -3*g + s, 0 = 3*g + 4*j - 2144. What is the units digit of g?
6
Suppose -2*u = -2*o - 26558, 73806 = 5*u + 5*o + 7381. Suppose -u - 8243 = -25*p. What is the hundreds digit of p?
8
Suppose -5*i - 4*v = -89142, i - 5*v - 35670 = -i. What is the hundreds digit of i?
8
Let d(u) = 33*u**2 + 276*u - 58. What is the units digit of d(28)?
2
Suppose 4*q - 7*q + 4098 = 3*c, -2*q = -c + 1381. What is the units digit of c?
1
Let o = 96 + -88. Suppose -o*y + 1236 = -220. What is the hundreds digit of y?
1
Suppose 26*o = -3394 - 2248. Let a = 254 + o. What is the units digit of a?
7
Suppose 0 = -5*s + 4*z - 12, 5*s + 4*z = -0*z + 12. Suppose 65 = -3*b + 5*x + 295, s = 2*b + 3*x - 185. Let a = b - 39. What is the units digit of a?
6
Let s be -16 - -15 - (-5 - 1). Suppose -3*g = -g + s*g. Suppose g = -2*f - d + 421, 2*f - 4*d - 604 = -f. What is the tens digit of f?
0
Let a = -357 - -3619. What is the hundreds digit of a?
2
Suppose 6*r - 39526 + 11289 = 6065. What is the tens digit of r?
1
Let c = -88 + 13. Let z(g) = g**2 - 52*g - 75. Let i be z(56). Let o = i + c. What is the units digit of o?
4
Let b(s) = -s**2 - 11*s + 26. Let l be b(-12). Suppose -3*a + 33 = -l*a. What is the tens digit of 56 + (0 + 6)/a + 2?
5
Let c(p) = -12*p + 5. Let v be c(14). Let j be -48 + (-3)/2 + (-4)/(-8). Let k = j - v. What is the tens digit of k?
1
Let r be (0 + 0)*(-7)/14. Suppose 2*z - 315 - 327 = r. Let c = -151 + z. What is the units digit of c?
0
Let d = -464 - -497. Let u(p) = p**3 - 30*p**2 - 72*p + 20. What is the hundreds digit of u(d)?
9
Let i(r) = -158*r + 3801. What is the hundreds digit of i(17)?
1
Suppose 291 = -0*z + 5*z - w, 1 = -w. Let f(u) = 48*u**2 + u**3 - 4*u - 22 - z*u**2 + 18*u. What is the tens digit of f(9)?
2
Let b(j) be the second derivative of -49*j**3/6 - 13*j**2/2 - 25*j. Let u be b(-4). Let z = u + -76. What is the tens digit of z?
0
Suppose -21472 = -2*l + 4*o - 2*o, 0 = 2*l - 5*o - 21496. What is the hundreds digit of l?
7
Let s(l) = l**3 + 8*l**2 + 9*l - 10. Let p be s(-6). Suppose p*h - 3*h = 25. Suppose y + 5*g - 155 = -y, -3*y + 195 = -h*g. What is the units digit of y?
0
Suppose 5*g + 0*g = 125. Suppose -3*n = -2*v + n - 80, -v - 3*n - g = 0. Let b = -11 - v. What is the tens digit of b?
2
Suppose 2*y = 5*y - 360. Suppose -3*p - 3 = -39*c + 42*c, -3*p + 37 = -5*c. Suppose -y = -z - 8*k + 9*k, 0 = p*z + 4*k - 496. What is the units digit of z?
2
Let p = -96 + 55. Suppose -4*n + 330 = 77*j - 75*j, 2*n + 620 = 4*j. Let w = p + j. What is the units digit of w?
6
Let i(g) = 2402*g + 4500. What is the tens digit of i(15)?
3
Let b be -1 - (-16 - 1) - 2. Let p = b - 18. What is the units digit of 2 - (828/3)/p?
1
Let c = 4547 + -1310. What is the units digit of c?
7
Suppose 0*y - 59*y - 180*y + 19021771 = 0. What is the tens digit of y?
8
Let o = -143 - -243. Suppose 2 = -h, u - 3*h = -0*h + o. What is the units digit of u?
4
Let j = -136 - -122. Let a(d) = d**2 + 6*d - 7. What is the hundreds digit of a(j)?
1
Let j(w) = -24*w**3 + 3*w**2 - w - 22. Let c be j(4). What is the hundreds digit of -5 - (c - 6)/2?
7
Let o(v) be the third derivative of -v**6/120 + v**5/20 + 7*v**4/24 - 5*v**3/6 - 381*v**2. Suppose 4*s - 8 = -4*k, 0 = 4*k + 8. What